v?
3
Let q(g) be the third derivative of 1/10*g**5 + 0*g**3 + 0 + 0*g + 3/8*g**4 + 4*g**2 - 1/120*g**6. Let u be q(7). What is the highest common factor of 14 and u?
14
Suppose -4*m + 2*z + 160 = 0, 2*z = 5*m + 43 - 245. Let s = -21 + m. Let k be (-60)/(-80)*8*14. What is the greatest common divisor of k and s?
21
Let t = -1 - -3. Suppose x = -t*v + 60, 0 = x + x + v - 108. Let n be 12 - (16/144 + 20/(-18)). Calculate the greatest common divisor of n and x.
13
Let f(h) = -h**3 + 15*h**2 - 25*h - 22. Let t be f(12). Let l(x) = 4*x**2 - 2*x - 2. Let q be l(2). Calculate the greatest common divisor of t and q.
10
Suppose 5*b - 2*z - 168 = 0, -3*b - 5*z - 4 = -80. Let k be b/(-6)*126/(-12). What is the greatest common factor of k and 7?
7
Suppose -h - 15 = -10, 3*h + 26 = z. What is the greatest common factor of z and 902?
11
Suppose -2*k + 5*o = -925, -k = -0*o + 4*o - 443. Let t = k + -301. Calculate the highest common factor of 14 and t.
14
Let p = -22 - -35. Let q = 59 - p. Calculate the greatest common factor of 115 and q.
23
Let t be 4/(-14) - (-234)/(-63). Let m be (-25245)/(-60) - 1/t. Suppose 723 + m = 8*n. Calculate the highest common divisor of 13 and n.
13
Let v be 2 + -2 - -156 - (54 - 51). What is the greatest common factor of v and 17?
17
Suppose 5*k - 526 = -2*m, m - 45*k + 46*k = 269. What is the greatest common divisor of 28 and m?
7
Suppose -4*w + w + 162 = 0. Suppose -5*b + 159 - w = 0. Let g be 939/45 - 6/(-45). What is the highest common divisor of b and g?
21
Let m be (-10 + -2)*14/(-28). Let t(s) = s**2 + 6*s - 5. Let f be t(-7). Let l(n) = 6*n. Let h be l(f). Calculate the greatest common factor of m and h.
6
Suppose 15 = -x + 12, 4*x = -2*d + 208. What is the highest common divisor of d and 605?
55
Let y be (6/(-5))/(1584/(-1575) + 1). Calculate the greatest common divisor of y and 770.
70
Let o = 1306 - 1280. What is the greatest common factor of 377 and o?
13
Let y(l) = 3*l**3 - 165*l**2 + 8*l + 72. Let q be y(55). What is the highest common divisor of 64 and q?
64
Let u be (-4)/(-10) - 392/(-20). What is the greatest common divisor of u and 28?
4
Let f = -4969 + 7672. What is the greatest common factor of 318 and f?
159
Let t be 36/(-3)*(-2 + 3/9). Let r be 56/t - (-16)/(-20). What is the greatest common factor of r and 2?
2
Let g(w) = 6*w. Let z(m) be the first derivative of -m**2/2 - m - 3. Let d be z(-5). Let h be g(d). Calculate the greatest common divisor of 12 and h.
12
Let q = 19 + -34. Let a = q + 28. Calculate the highest common divisor of 39 and a.
13
Let k = 19 + -11. Suppose 2*u + 4*a - 4 = 0, 5*u - 11 - 4 = -5*a. Suppose 2*c + 2*f - 15 = -3, 3*c + 10 = u*f. Calculate the greatest common divisor of c and k.
2
Let a(w) = -w**3 - 7*w**2 + 10*w + 16. Let u be a(-7). Let n = -48 - u. What is the greatest common divisor of n and 15?
3
Let r(j) = -j**3 + 5*j**2 + j - 1. Let s = 9 + -4. Let n be r(s). Let o be (-2)/(-1) - 0/2. Calculate the greatest common factor of o and n.
2
Let f be 38 + -6 + 9/3. What is the highest common divisor of f and 280?
35
Let g(a) = 3*a + 11. Let t be g(-5). Let v be (t - -5)*-3*(1 + -6). What is the highest common factor of 10 and v?
5
Let f be ((-10)/(-10))/(1*-1) - -7. Let k be -2*1 + (4 - 0). Suppose k*v - 20 = -8. What is the highest common divisor of v and f?
6
Let k(s) = s**2 + 2*s - 1. Let x be k(1). Suppose u + 6 = x*u. Calculate the greatest common divisor of u and 15.
3
Let b = -192 - -285. What is the highest common factor of b and 124?
31
Let n be ((-2)/(2/15))/(2 + -3). Let p(x) = 12*x - 47. Let l be p(n). What is the greatest common divisor of l and 19?
19
Let a = -749 - -1496. Calculate the highest common divisor of 9 and a.
9
Let b(n) be the second derivative of -n**3 - 18*n**2 - 29*n. Let p be b(-9). Calculate the highest common divisor of p and 36.
18
Let t(f) = -4*f**3 - 4*f**2 - 2*f + 1. Let l = -5 - -3. Let i be t(l). Let r be 3*(-12)/(-8)*(-4)/(-6). What is the highest common divisor of r and i?
3
Let j be (5 - (-4 - (-3 - -1)))*1. Suppose 0 = -w + 5 + j. Calculate the highest common divisor of w and 1.
1
Suppose -3*i = -1118 + 938. Calculate the highest common divisor of 96 and i.
12
Suppose 9 = 5*c - 26. Suppose -f + 450 = 2*f. Suppose c*m - f = m. Calculate the highest common factor of m and 10.
5
Let h(d) = d**2 - 13*d + 14. Let b be h(12). Suppose j + 4 = 0, -b*j = 3*p - 3*j - 130. Let q = 3 - -3. Calculate the greatest common divisor of q and p.
6
Suppose -177*i = -176*i - 60. Calculate the greatest common factor of 12 and i.
12
Let p be (-3 - 102/(-18))/((-2)/6). Let d = 4 + -11. Let f = d - p. Calculate the greatest common factor of f and 9.
1
Let i be 2/7 + (-2110)/(-14). Let f = -103 + i. Calculate the greatest common divisor of f and 6.
6
Let h be 2*6/(-8)*-2. Suppose 0*g = -h*g + 810. What is the greatest common divisor of g and 30?
30
Let z = -647 - -666. What is the highest common divisor of 209 and z?
19
Suppose 67*s - 1252 = 37 + 855. Let w = -36 - -52. What is the highest common factor of s and w?
16
Suppose -47*u + 9120 = -17*u. Calculate the greatest common factor of 988 and u.
76
Suppose -2*s - 5*x + 115 = 0, -x = -3*x - 2. Calculate the greatest common divisor of s and 20.
20
Let s be 11 + (-3)/2*2. Suppose -9 = j + 3*u, -4*j - u - s = 4*u. Suppose -11 - j = -2*p. What is the greatest common factor of p and 56?
7
Let k(z) = -28*z + 2. Let d be k(2). Let x = -33 - d. Let r be 123/x + (-2)/(-14). Calculate the highest common divisor of r and 24.
6
Suppose 6*w - 6 = 3*w. Suppose -6*k + 62 = w. What is the greatest common divisor of 50 and k?
10
Let v(s) = s**2 - 11*s + 24. Let m be v(9). Suppose -4*y + 535 = -5*x, m*x + 542 = 4*y + 8*x. What is the greatest common divisor of 30 and y?
15
Let u(l) = -l + 14. Let b = -3 - -3. Let r be u(b). Suppose 5*q + q = 210. Calculate the highest common factor of q and r.
7
Let z be 20*6/1080 + 251/9. Let g(t) = t**3 - 3*t**2 - 6*t - 6. Let c be g(5). Calculate the highest common factor of c and z.
14
Suppose -2*l - 5*s = -25, -16*l + 18*l - 2*s = 18. Calculate the greatest common divisor of l and 415.
5
Suppose 0 = 4*n - 15*n + 682. Let j(i) = -i**2 + 10*i + 10. Let s be j(7). Calculate the greatest common divisor of n and s.
31
Let z(m) be the first derivative of -m**4/4 - 2*m**3 - 5*m**2/2 - 7. Let w be z(-5). Let g = w - -9. Calculate the greatest common factor of 9 and g.
9
Let d(k) = k**2 - 8*k + 10. Suppose -14 = -5*j + 21. Let x be d(j). Suppose 9 = 3*b - x. What is the highest common divisor of b and 10?
2
Suppose 1 = 2*q - 65. Let l = -3 + 5. Suppose -k + 22 = -l*n, -5*n - 32 - 34 = -3*k. What is the greatest common factor of k and q?
11
Let p be 2/3*(-1755)/(-30). What is the greatest common factor of 15 and p?
3
Suppose 3*u = u + 96. Suppose u = -0*w + 3*w. Let h be (-4)/(-10) - (948/10)/(-3). Calculate the highest common factor of h and w.
16
Let p(m) = 13*m**2 + m. Let y be p(1). Suppose 0 = s - 3*d - 11, 2*s + 4*d + 8 = -0*s. Suppose -t = s - 4. What is the greatest common divisor of y and t?
2
Let i = 56 + -35. Let u be 56/6 - (-14)/i. Let n be 2/(-8) - 84/(-16). Calculate the highest common factor of u and n.
5
Suppose 0 = 10*h - 2031 + 561. What is the greatest common divisor of 63 and h?
21
Let q = 21 + -19. Suppose -2*n = -3*l + 194, 5*l = -0*l + q*n + 330. Calculate the greatest common factor of l and 102.
34
Let u(p) = 11*p**2 - 15*p. Let s be u(6). Calculate the highest common factor of 18 and s.
18
Let v be ((-36)/16)/(70/(-32) - -2). Let s(o) = -20*o + 4. Let d be s(-4). Calculate the greatest common factor of d and v.
12
Let l be (-3 - -2) + (2 + 0 - 1). Suppose 1227 = 4*m + 4*f + 99, l = -2*m - 5*f + 552. What is the greatest common divisor of 26 and m?
26
Let x = -2169 - -2214. What is the highest common factor of 504 and x?
9
Suppose 5*r = 2*m - 106, -m - 5*r + 19 + 19 = 0. Calculate the highest common divisor of m and 40.
8
Let l be 46 - (0 + -2 - -3). Suppose -99 = 3*o + 3*i, -3*i = -0*o + 2*o + 65. Let y = -29 - o. What is the highest common divisor of y and l?
5
Let s = 214 + -154. What is the greatest common divisor of s and 540?
60
Suppose 495 - 145 = 25*x. Calculate the greatest common divisor of 266 and x.
14
Let q(y) be the first derivative of -y**4/4 - 16*y**3/3 - 